(3 - 14) - (-23 - -12)?
4
Evaluate -2 + -5 + (-3 - -6).
-4
-4 - ((-6 - -3) + 0)
-1
Calculate 7 + -12 - (-2 - -2).
-5
Evaluate -15 + (-4 - -8) + 1 - -2.
-8
Calculate 3 + -2 + -2 + 0.
-1
Evaluate (-15 - 1) + 0 + 11.
-5
2 + (1 - (3 - -1)) + 1
0
Evaluate 2 + (0 - -1 - -1) - 8.
-4
What is (3 - (-10 - -15)) + 2?
0
What is the value of 17 - (1 - -17 - 10)?
9
What is -4 - ((8 - (6 - 0)) + 2)?
-8
Calculate 3 - -7 - (1 + 6).
3
What is the value of 1 - 3 - (-19 + 13)?
4
7 + (-3 - -10 - 12)
2
(-3 + 3 - 4) + 2
-2
Calculate -1 - (13 - (5 - -7)).
-2
-6 + 10 + 1 + -6
-1
Evaluate (-6 - -1) + 1 - (-1 - -1).
-4
What is the value of 5 - ((2 - -1) + 1)?
1
Evaluate (-3 + 2 - -5) + -2.
2
Evaluate 0 - 0 - (-4 + (2 - 0)).
2
Calculate (13 - 2) + (-1 - 2).
8
What is the value of 14 + (4 - 1 - 14)?
3
What is the value of (3 - 10 - 2) + 12?
3
Evaluate -2 + (3 - 7 - -5) + -5.
-6
Evaluate (1 - -3 - 1) + (-7 - -6).
2
What is the value of -2 + (6 - (12 - (1 - -3)))?
-4
What is the value of 10 + 9 + -7 + -12?
0
Evaluate 4 + (-9 - -2) + 6.
3
What is the value of -3 + (4 - (0 + 0))?
1
Calculate 3 + (4 - (5 + 6 + -1)).
-3
2 - (2 - 2) - (-2 + -1)
5
Calculate -9 - ((-1 - -7) + -15).
0
What is the value of -8 + 19 + -1 + -5?
5
What is 4 + 4 + -3 + -4 - 2?
-1
What is the value of -5 + 6 + -1 + -1?
-1
-5 - ((1 - 0) + (-18 - -15))
-3
Calculate (1 - 2) + (-5 - -12).
6
What is -5 + 1 - ((3 - 2) + -12)?
7
Calculate -4 + (7 - 4) + (-5 - -3).
-3
What is the value of (8 - (14 + 11)) + 8?
-9
Calculate (1 - (17 + -2 - 0)) + 6.
-8
What is the value of (-10 - -3) + -7 + 13 - 5?
-6
Calculate 0 + 7 + -11 + -2.
-6
What is the value of -2 + -2 - (6 + -15)?
5
Calculate -7 - (-4 + 9) - -7.
-5
What is the value of -1 + -8 + 1 - (4 - 7)?
-5
What is the value of 19 - 20 - (-3 + 1)?
1
Evaluate 7 - (1 - -1 - (1 + -1)).
5
What is 0 - (-62 + 58 + 1 + 10)?
-7
Evaluate (0 - (7 - -4)) + 14.
3
What is (6 - (0 + 3)) + -1?
2
What is the value of 4 + (3 - 4) + -4?
-1
Evaluate 1 + (-3 - -1) + 3 + -3.
-1
What is 1 + 3 + -14 + (-18 - -18)?
-10
Calculate -1 - (0 + (8 - 4)).
-5
-6 + (1 - 3 - -5)
-3
What is the value of -3 + 3 + 2 - (-5 - -12)?
-5
Calculate -5 - (3 - 1 - -1 - 12).
4
-10 - (-5 + 3 + -12)
4
Calculate 4 + -1 + 0 + (-2 - -2).
3
What is the value of -5 + 1 + (1 - -1 - 4)?
-6
What is -4 - (-11 + (4 - (4 - 3)))?
4
Evaluate 4 + 1 - (8 + -6).
3
Calculate 0 - (-7 - -18) - -7.
-4
What is 10 - ((4 - -9) + 3)?
-6
What is -7 + -2 + 6 - -4?
1
(-13 - -8 - -4) + (0 - 5)
-6
(-1 - 2) + 5 + -4
-2
What is -3 - (-3 - (-2 - -2))?
0
3 + -9 + 3 + 1
-2
What is (4 - (-5 - -9)) + 5?
5
Evaluate (72 - 76) + (1 - 2 - -5).
0
What is -5 - (-6 + 5 + 13 + -7)?
-10
Calculate 1 + -3 + 0 + 5 + -3.
0
6 - (10 - (-5 + 3))
-6
(-8 - (-2 - 0)) + 2 + 2
-2
Calculate 12 - 11 - (4 - 3).
0
What is the value of -9 + 16 - 0 - 12?
-5
Calculate 0 - ((-7 - -2) + 3 + -1).
3
What is -3 - (-3 - -3) - -3?
0
-6 - (0 - 1) - (-1 - 8)
4
What is the value of (-1 - (2 + -1)) + (1 - 4)?
-5
8 + 2 + -5 + 1
6
Calculate (-1 + 8 - 19) + 6.
-6
What is the value of 0 + (1 - (-1 - -2)) + 2?
2
Evaluate -2 - 0 - (6 - (-4 - -7)).
-5
What is the value of (-14 - (-14 + 6)) + 12 + 0?
6
What is -3 + -3 + 1 + 7 + -2?
0
Calculate 38 + -35 + (-1 - -1).
3
Calculate -6 + (-6 - -11) + 4.
3
What is 1 + 6 + -11 + 10?
6
What is the value of -2 + 2 + 3 + 1 - -1?
5
0 + -1 - (1 + -1 - 4)
3
Evaluate -5 - (8 + -1 + -9).
-3
What is 15 + (-1 - (-4 + 9))?
9
Evaluate 0 + 0 - (-10 - (-2 - 5)).
3
What is 12 + -27 + 7 - (-1 - 1)?
-6
What is (13 - 8) + -5 - -1?
1
Calculate -9 + (0 - (-3 + -1)).
-5
Calculate 4 - (-3 - 8 - -21).
-6
-13 + -6 + -4 + 19
-4
Calculate 4 + 6 + -9 + 2.
3
-39 - -49 - (5 - 1)
6
What is the value of (10 - 12) + (0 + 1 - -2)?
1
-9 + 6 + (0 - 2)
-5
Evaluate 0 + 6 - 0 - 0.
6
What is (6 - (8 - 2)) + (0 - 0)?
0
What is the value of -8 + (-8 - (0 - 9))?
-7
What is the value of 1 + 3 + -2 + -3 + 2?
1
Calculate (1 - 3) + (6 - -1).
5
1 + -6 + 13 + -4
4
What is the value of -3 - (3 - 4) - 1?
-3
What is the value of (3 - 1 - 4 - -1) + 1?
0
What is -2 + -3 + (1 - 1) + 3?
-2
Evaluate -6 + (-11 + 8 - (1 - 7)).
-3
Evaluate -2 + (8 - 3 - 7).
-4
Calculate 10 - (6 - (-6 + 3)).
1
What is the value of (5 - 8) + -18 + 12?
-9
What is 3 - (4 + 0) - (-3 - -2)?
0
What is the value of -44 + 45 + (0 - (-1 + 1))?
1
Calculate 7 - (-6 - -14) - (6 - 1).
-6
Calculate 2 + -4 + 2 + -5.
-5
Calculate -3 + 7 - 1 - (2 - -5).
-4
What is the value of -36 + 32 + (-2 - -2) - 1?
-5
0 - (-3 - -8) - -3
-2
Calculate (-4 - -4) + 0 - 7 - 2.
-9
Calculate (-3 - 1) + 3 + 5.
4
3 + -7 + 5 + 4
5
Calculate 2 + 4 - (2 - 0 - -1).
3
Evaluate -3 - (-1 + 0 + 3 + -3).
-2
Evaluate -9 + (12 - 0 - 2).
1
2 - (0 + 16 + -8)
-6
What is the value of -8 - (9 + -11 - (3 + -1))?
-4
Evaluate 20 + -19 + -6 + 2.
-3
Calculate 2 + 1 + (5 - 5 - -2).
5
-4 + 15 - (41 - 24)
-6
What is -1 + (3 - (0 + 7))?
-5
-4 + 20 + -10 + 0
6
Evaluate -2 + (-4 - (-3 + -3)) + -3.
-3
Calculate (7 - (-6 + 3 - -8)) + 3.
5
What is the value of 6 - (1 + (-2 - 0) - 2)?
9
What is (-1 - 1) + -4 + 8?
2
What is 1 + 0 - (-4 - -10)?
-5
Evaluate 2 + 4 + -4 - -4.
6
What is -11 + (-3 + 2 - -16)?
4
What is the value of -2 + 2 - (0 + (-4 - -4))?
0
What is the value of -3 - (-4 + (-1 - -2 - 3))?
3
Evaluate 2 - (-3 + 1 + 3).
1
Calculate 7 - (3 + 2 + -2).
4
Evaluate (-4 - -2) + 6 + -4 + 0.
0
Calculate -4 + 3 + (5 - 5).
-1
Calculate -3 - -9 - (0 + 4).
2
Calculate 0 - -7 - (-8 + 10).
5
What is the value of (2 - -1) + (1 - 0) + 0?
4
1 - -16 - (9 + 1)
7
What is the value of 1 - (2 + 0) - -2?
1
-6 + (-9 - -17) + 2 + 1
5
12 + (10 + -5 - 12)
5
What is the value of -3 - 2 - (-1 - 0)?
-4
Calculate -12 + (7 - -3) + 1 + 1.
0
What is the value of -1 + -11 + 14 - 5?
-3
What is -1 + 6 + -7 - (1 - 5)?
2
Evaluate (2 - 4 - 1) + 4 + 2.
3
Calculate -2 + (4 - 1 - -1).
2
1 + -1 - (-11 - -12)
-1
What is -1 + 1 - (6 + (-11 - -4))?
1
What is the value of 4 + 0 + -3 + -25 + 18?
-6
What is -2 - 6 - -6 - -10?
8
-14 + (8 - 5 - -5)
-6
1 - (-6 - 1 - -7)
1
Evaluate 2 + 12 - 17 - (-1 + -1).
-1
6 + -6 + 3 + 8 + -6
5
Evaluate -2 + (-4 - -4) + (2 - -1).
1
What is -47 - -55 - (1 + 6) - 2?
-1
-4 + (3 + -4 - -8 - -4)
7
Calculate 3 + -7 - (0 + -9).
5
Calculate 4 - (2 - (0 + 3 - 9)).
-4
(-11 - 0) + (7 - 2) + 2
-4
-3 - (-2 - (-4 + 4))
-1
Evaluate -5 + -1 + 2 - 0.
-4
-2 - (-4 - -6) - -9
5
What is the value of (0 + 2 + 0 - 9) + 5?
-2
61 + -52 + (1 - 11)
-1
(403 - 401) + (7 - (1 - 0))
8
7 - 3 - 9 - (0 + -4)
-1
Evaluate (9 - (-5 + 21)) + 13.
6
What is the value of -4 - (-1 + (-4 - -1))?
0
What is -9 - (-3 - (1 - 1) - 3)?
-3
Evaluate 10 + 6 - 3 - (7 - 0).
6
Evaluate -22 - -5 - (-2 + -7).
-8
(-1 + 1 - 2) + 7
5
What is -1 + 6 - (6 - (4 - 1))?
2
(1 + -10 - -5) + (-1 - -8)
3
What is the value of 4 + 0 + 3 - (0 - -1)?
6
What is the value of 14 + -12 + 1 + 2?
5
Calculate -3 + (-2 - (3 - 3)).
-5
What is (-2 - 0) + 4 + 5 + -8?
-1
Calculate -9 + (1 - -2) + 4.
-2
What is -2 - (-5 - -6) - -6?
3
-1 + 1 + -13 + 11
-2
Evaluate 2 - (5 + (4 - 11)) - 9.
-5
Evaluate -4 - -1 - (6 - (6 + -1)).
-4
What is the value of (7 + -5 - 5) + -7 - -5?
-5
What is the value of -4 - (-1 - 0) - -2?
-1
Calculate 4 - (-9 + (16 - 10)).
7
Evaluate (-2 - 4) + 13 + -10.
-3
Calculate -10 + 23 + -23 + 4.
-6
Evaluate 3 + (0 + 2 - 1).
4
What is the value of 4 - 3 - 4 - -3?
0
Calculate -9 + 7 - -4 - -2 - 8.
-4
Evaluate -2 - 5 - (1 + 1 + -5).
-4
What is the value of 2 + 3 + -2 + 2?
5
-2 + 1 + 3 - (-33 - -31)
4
Evaluate 10 - ((-10 - 0) + 15).
5
What is 4 - (-4 + 5 - 2)?
5
What is the value of -9 + -1 - (-13 + 4 - -6)?
-7
Calculate 1 + (15 + -9 - 0).
7
Evaluate 9 + (2 - (-4 + 10)) - 0.
5
13 + 0 + -25 - -14
2
Evaluate (28 - 24) + -5 + -9.
-10
Calculate -2 - (-3 - (-2 + -6)).
-7
What is the value of 11 + -23 + 16 + 1 + -12?
-7
What is the value of 4 + -1 - 2 - (2 + -2)?
1
Evaluate (-2 + -2 - -2) + (-25 - -25).
-2
What is -7 - (2 + -10 + 7)?
-6
-1 + (0 - 3) + -42 + 38
-8
(0 - -2) + 22 + -22
2
7 + 4 + 0 + -6 + 0
5
Evaluate -5 - (-22 + 17 + -5).
5
What is the value of -2 + 1 - (2 - (1 - -3))?
1
What is -1 + -10 + 10 + 6?
5
What is -4 + -3 - (-9 + 1 + -5)?
6
What is 0 - -1 - 3 - (5 - 2)?
-5
What is the value of 2 + 4 + (-9 - 1) + -1?
-5
2 - (4 - 3 - 0)
1
What is 1 - (-6 + (5 - 2))?
4
Calculate (-11 - (-25 - -12)) + -7.
-5
-3 - (-3 - 4 - -4)
0
4 - (-4 + (1 - 7)) - 4
10
9 + (7 - 6) + -12
-2
Cal